{"id":16,"date":"2023-02-17T17:36:24","date_gmt":"2023-02-17T20:36:24","guid":{"rendered":"https:\/\/segnet.bcmkt.online\/?page_id=16"},"modified":"2023-02-18T09:42:06","modified_gmt":"2023-02-18T12:42:06","slug":"quem-somos","status":"publish","type":"page","link":"https:\/\/prismaservicos.net\/index.php\/quem-somos\/","title":{"rendered":"Quem Somos"},"content":{"rendered":"\t\t<div data-elementor-type=\"wp-page\" data-elementor-id=\"16\" class=\"elementor elementor-16\" data-elementor-post-type=\"page\">\n\t\t\t\t\t\t<section class=\"elementor-section elementor-top-section elementor-element elementor-element-6f49223 elementor-section-boxed elementor-section-height-default elementor-section-height-default\" data-id=\"6f49223\" data-element_type=\"section\" data-settings=\"{&quot;background_background&quot;:&quot;classic&quot;}\">\n\t\t\t\t\t\t<div class=\"elementor-container elementor-column-gap-default\">\n\t\t\t\t\t<div class=\"elementor-column elementor-col-50 elementor-top-column elementor-element elementor-element-364c292\" data-id=\"364c292\" data-element_type=\"column\">\n\t\t\t<div class=\"elementor-widget-wrap elementor-element-populated\">\n\t\t\t\t\t\t<div class=\"elementor-element elementor-element-37f260d elementor-widget elementor-widget-spacer\" data-id=\"37f260d\" data-element_type=\"widget\" data-widget_type=\"spacer.default\">\n\t\t\t\t<div class=\"elementor-widget-container\">\n\t\t\t\t\t<div class=\"elementor-spacer\">\n\t\t\t<div class=\"elementor-spacer-inner\"><\/div>\n\t\t<\/div>\n\t\t\t\t<\/div>\n\t\t\t\t<\/div>\n\t\t\t\t<div class=\"elementor-element elementor-element-5ab604b elementor-widget elementor-widget-heading\" data-id=\"5ab604b\" data-element_type=\"widget\" data-widget_type=\"heading.default\">\n\t\t\t\t<div class=\"elementor-widget-container\">\n\t\t\t<h2 class=\"elementor-heading-title elementor-size-default\">Quem somos<\/h2>\t\t<\/div>\n\t\t\t\t<\/div>\n\t\t\t\t<div class=\"elementor-element elementor-element-ce776f4 elementor-widget elementor-widget-heading\" data-id=\"ce776f4\" data-element_type=\"widget\" data-widget_type=\"heading.default\">\n\t\t\t\t<div class=\"elementor-widget-container\">\n\t\t\t<h2 class=\"elementor-heading-title elementor-size-default\">H\u00e1 40 anos oferecendo<br><span style=\"background-color:#dd1d25\">solu\u00e7\u00f5es de alto n\u00edvel <\/span><\/h2>\t\t<\/div>\n\t\t\t\t<\/div>\n\t\t\t\t<div class=\"elementor-element elementor-element-3881f6b elementor-widget elementor-widget-spacer\" data-id=\"3881f6b\" data-element_type=\"widget\" data-widget_type=\"spacer.default\">\n\t\t\t\t<div class=\"elementor-widget-container\">\n\t\t\t\t\t<div class=\"elementor-spacer\">\n\t\t\t<div class=\"elementor-spacer-inner\"><\/div>\n\t\t<\/div>\n\t\t\t\t<\/div>\n\t\t\t\t<\/div>\n\t\t\t\t\t<\/div>\n\t\t<\/div>\n\t\t\t\t<div class=\"elementor-column elementor-col-50 elementor-top-column elementor-element elementor-element-24af77b\" data-id=\"24af77b\" data-element_type=\"column\">\n\t\t\t<div class=\"elementor-widget-wrap\">\n\t\t\t\t\t\t\t<\/div>\n\t\t<\/div>\n\t\t\t\t\t<\/div>\n\t\t<\/section>\n\t\t\t\t<section class=\"elementor-section elementor-top-section elementor-element elementor-element-6fda793 elementor-section-boxed elementor-section-height-default elementor-section-height-default\" data-id=\"6fda793\" data-element_type=\"section\">\n\t\t\t\t\t\t<div class=\"elementor-container elementor-column-gap-default\">\n\t\t\t\t\t<div class=\"elementor-column elementor-col-100 elementor-top-column elementor-element elementor-element-3279a10\" data-id=\"3279a10\" data-element_type=\"column\">\n\t\t\t<div class=\"elementor-widget-wrap elementor-element-populated\">\n\t\t\t\t\t\t<div class=\"elementor-element elementor-element-925233b elementor-widget elementor-widget-heading\" data-id=\"925233b\" data-element_type=\"widget\" data-widget_type=\"heading.default\">\n\t\t\t\t<div class=\"elementor-widget-container\">\n\t\t\t<h2 class=\"elementor-heading-title elementor-size-default\">Quem Somos<\/h2>\t\t<\/div>\n\t\t\t\t<\/div>\n\t\t\t\t<div class=\"elementor-element elementor-element-ee35170 elementor-widget elementor-widget-heading\" data-id=\"ee35170\" data-element_type=\"widget\" data-widget_type=\"heading.default\">\n\t\t\t\t<div class=\"elementor-widget-container\">\n\t\t\t<h2 class=\"elementor-heading-title elementor-size-default\">A Prisma nasceu do desejo do Grupo Prisma, expert em sistemas de seguran\u00e7a eletr\u00f4nica h\u00e1 40 anos no mercado Mineiro, de se aprofundar ainda mais na \u00e1rea de seguran\u00e7a com foco em Gest\u00e3o de Risco.\nAcreditamos que uma gest\u00e3o pr\u00e9via dos fatores que contribuem para falta de seguran\u00e7a, bem como a manuten\u00e7\u00e3o do acesso, circula\u00e7\u00e3o e comunica\u00e7\u00e3o seguros proporcionam para nossos clientes uma vida tranquila e protegida.\nPossu\u00edmos toda infraestrutura e solu\u00e7\u00f5es diferenciadas para garantir sua seguran\u00e7a. Nossos t\u00e9cnicos possuem d\u00e9cadas de experi\u00eancia e s\u00e3o constantemente munidos de novas informa\u00e7\u00f5es. O atendimento \u00e9 focado em qualidade e agilidade, oferecendo pre\u00e7os competitivos, melhores equipamentos e a mais alta qualidade na presta\u00e7\u00e3o dos servi\u00e7os.\nPara seu neg\u00f3cio ou sua resid\u00eancia oferecemos solu\u00e7\u00f5es personalizadas de sistemas de seguran\u00e7a eletr\u00f4nica, entre em contato agora e agende uma consultoria gratuita.<\/h2>\t\t<\/div>\n\t\t\t\t<\/div>\n\t\t\t\t<div class=\"elementor-element elementor-element-b4c7787 elementor-align-center elementor-widget elementor-widget-button\" data-id=\"b4c7787\" data-element_type=\"widget\" data-widget_type=\"button.default\">\n\t\t\t\t<div class=\"elementor-widget-container\">\n\t\t\t\t\t\t\t<div class=\"elementor-button-wrapper\">\n\t\t\t\t\t<a class=\"elementor-button elementor-button-link elementor-size-sm\" href=\"#\">\n\t\t\t\t\t\t<span class=\"elementor-button-content-wrapper\">\n\t\t\t\t\t\t\t\t\t<span class=\"elementor-button-text\">Solicite seu or\u00e7amento<\/span>\n\t\t\t\t\t<\/span>\n\t\t\t\t\t<\/a>\n\t\t\t\t<\/div>\n\t\t\t\t\t\t<\/div>\n\t\t\t\t<\/div>\n\t\t\t\t\t<\/div>\n\t\t<\/div>\n\t\t\t\t\t<\/div>\n\t\t<\/section>\n\t\t\t\t<\/div>\n\t\t","protected":false},"excerpt":{"rendered":"<p>Quem somos H\u00e1 40 anos oferecendosolu\u00e7\u00f5es de alto n\u00edvel Quem Somos A Prisma nasceu do desejo do Grupo Prisma, expert em sistemas de seguran\u00e7a eletr\u00f4nica h\u00e1 40 anos no mercado Mineiro, de se aprofundar ainda mais na \u00e1rea de seguran\u00e7a com foco em Gest\u00e3o de Risco. Acreditamos que uma gest\u00e3o pr\u00e9via dos fatores que contribuem [&hellip;]<\/p>\n","protected":false},"author":1,"featured_media":0,"parent":0,"menu_order":0,"comment_status":"closed","ping_status":"closed","template":"","meta":{"_joinchat":[],"footnotes":""},"class_list":["post-16","page","type-page","status-publish","hentry"],"yoast_head":"<!-- This site is optimized with the Yoast SEO plugin v23.8 - https:\/\/yoast.com\/wordpress\/plugins\/seo\/ -->\n<title>Quem Somos - Prisma<\/title>\n<meta name=\"robots\" content=\"index, follow, max-snippet:-1, max-image-preview:large, max-video-preview:-1\" \/>\n<link rel=\"canonical\" href=\"https:\/\/prismaservicos.net\/index.php\/quem-somos\/\" \/>\n<meta property=\"og:locale\" content=\"en_US\" \/>\n<meta property=\"og:type\" content=\"article\" \/>\n<meta property=\"og:title\" content=\"Quem Somos - Prisma\" \/>\n<meta property=\"og:description\" content=\"Quem somos H\u00e1 40 anos oferecendosolu\u00e7\u00f5es de alto n\u00edvel Quem Somos A Prisma nasceu do desejo do Grupo Prisma, expert em sistemas de seguran\u00e7a eletr\u00f4nica h\u00e1 40 anos no mercado Mineiro, de se aprofundar ainda mais na \u00e1rea de seguran\u00e7a com foco em Gest\u00e3o de Risco. Acreditamos que uma gest\u00e3o pr\u00e9via dos fatores que contribuem [&hellip;]\" \/>\n<meta property=\"og:url\" content=\"https:\/\/prismaservicos.net\/index.php\/quem-somos\/\" \/>\n<meta property=\"og:site_name\" content=\"Prisma\" \/>\n<meta property=\"article:modified_time\" content=\"2023-02-18T12:42:06+00:00\" \/>\n<meta name=\"twitter:card\" content=\"summary_large_image\" \/>\n<meta name=\"twitter:label1\" content=\"Est. reading time\" \/>\n\t<meta name=\"twitter:data1\" content=\"1 minute\" \/>\n<script type=\"application\/ld+json\" class=\"yoast-schema-graph\">{\"@context\":\"https:\/\/schema.org\",\"@graph\":[{\"@type\":\"WebPage\",\"@id\":\"https:\/\/prismaservicos.net\/index.php\/quem-somos\/\",\"url\":\"https:\/\/prismaservicos.net\/index.php\/quem-somos\/\",\"name\":\"Quem Somos - Prisma\",\"isPartOf\":{\"@id\":\"https:\/\/prismaservicos.net\/#website\"},\"datePublished\":\"2023-02-17T20:36:24+00:00\",\"dateModified\":\"2023-02-18T12:42:06+00:00\",\"breadcrumb\":{\"@id\":\"https:\/\/prismaservicos.net\/index.php\/quem-somos\/#breadcrumb\"},\"inLanguage\":\"en-US\",\"potentialAction\":[{\"@type\":\"ReadAction\",\"target\":[\"https:\/\/prismaservicos.net\/index.php\/quem-somos\/\"]}]},{\"@type\":\"BreadcrumbList\",\"@id\":\"https:\/\/prismaservicos.net\/index.php\/quem-somos\/#breadcrumb\",\"itemListElement\":[{\"@type\":\"ListItem\",\"position\":1,\"name\":\"In\u00edcio\",\"item\":\"https:\/\/prismaservicos.net\/\"},{\"@type\":\"ListItem\",\"position\":2,\"name\":\"Quem Somos\"}]},{\"@type\":\"WebSite\",\"@id\":\"https:\/\/prismaservicos.net\/#website\",\"url\":\"https:\/\/prismaservicos.net\/\",\"name\":\"Prisma\",\"description\":\"\",\"potentialAction\":[{\"@type\":\"SearchAction\",\"target\":{\"@type\":\"EntryPoint\",\"urlTemplate\":\"https:\/\/prismaservicos.net\/?s={search_term_string}\"},\"query-input\":{\"@type\":\"PropertyValueSpecification\",\"valueRequired\":true,\"valueName\":\"search_term_string\"}}],\"inLanguage\":\"en-US\"}]}<\/script>\n<!-- \/ Yoast SEO plugin. -->","yoast_head_json":{"title":"Quem Somos - Prisma","robots":{"index":"index","follow":"follow","max-snippet":"max-snippet:-1","max-image-preview":"max-image-preview:large","max-video-preview":"max-video-preview:-1"},"canonical":"https:\/\/prismaservicos.net\/index.php\/quem-somos\/","og_locale":"en_US","og_type":"article","og_title":"Quem Somos - Prisma","og_description":"Quem somos H\u00e1 40 anos oferecendosolu\u00e7\u00f5es de alto n\u00edvel Quem Somos A Prisma nasceu do desejo do Grupo Prisma, expert em sistemas de seguran\u00e7a eletr\u00f4nica h\u00e1 40 anos no mercado Mineiro, de se aprofundar ainda mais na \u00e1rea de seguran\u00e7a com foco em Gest\u00e3o de Risco. Acreditamos que uma gest\u00e3o pr\u00e9via dos fatores que contribuem [&hellip;]","og_url":"https:\/\/prismaservicos.net\/index.php\/quem-somos\/","og_site_name":"Prisma","article_modified_time":"2023-02-18T12:42:06+00:00","twitter_card":"summary_large_image","twitter_misc":{"Est. reading time":"1 minute"},"schema":{"@context":"https:\/\/schema.org","@graph":[{"@type":"WebPage","@id":"https:\/\/prismaservicos.net\/index.php\/quem-somos\/","url":"https:\/\/prismaservicos.net\/index.php\/quem-somos\/","name":"Quem Somos - Prisma","isPartOf":{"@id":"https:\/\/prismaservicos.net\/#website"},"datePublished":"2023-02-17T20:36:24+00:00","dateModified":"2023-02-18T12:42:06+00:00","breadcrumb":{"@id":"https:\/\/prismaservicos.net\/index.php\/quem-somos\/#breadcrumb"},"inLanguage":"en-US","potentialAction":[{"@type":"ReadAction","target":["https:\/\/prismaservicos.net\/index.php\/quem-somos\/"]}]},{"@type":"BreadcrumbList","@id":"https:\/\/prismaservicos.net\/index.php\/quem-somos\/#breadcrumb","itemListElement":[{"@type":"ListItem","position":1,"name":"In\u00edcio","item":"https:\/\/prismaservicos.net\/"},{"@type":"ListItem","position":2,"name":"Quem Somos"}]},{"@type":"WebSite","@id":"https:\/\/prismaservicos.net\/#website","url":"https:\/\/prismaservicos.net\/","name":"Prisma","description":"","potentialAction":[{"@type":"SearchAction","target":{"@type":"EntryPoint","urlTemplate":"https:\/\/prismaservicos.net\/?s={search_term_string}"},"query-input":{"@type":"PropertyValueSpecification","valueRequired":true,"valueName":"search_term_string"}}],"inLanguage":"en-US"}]}},"_links":{"self":[{"href":"https:\/\/prismaservicos.net\/index.php\/wp-json\/wp\/v2\/pages\/16","targetHints":{"allow":["GET"]}}],"collection":[{"href":"https:\/\/prismaservicos.net\/index.php\/wp-json\/wp\/v2\/pages"}],"about":[{"href":"https:\/\/prismaservicos.net\/index.php\/wp-json\/wp\/v2\/types\/page"}],"author":[{"embeddable":true,"href":"https:\/\/prismaservicos.net\/index.php\/wp-json\/wp\/v2\/users\/1"}],"replies":[{"embeddable":true,"href":"https:\/\/prismaservicos.net\/index.php\/wp-json\/wp\/v2\/comments?post=16"}],"version-history":[{"count":4,"href":"https:\/\/prismaservicos.net\/index.php\/wp-json\/wp\/v2\/pages\/16\/revisions"}],"predecessor-version":[{"id":126,"href":"https:\/\/prismaservicos.net\/index.php\/wp-json\/wp\/v2\/pages\/16\/revisions\/126"}],"wp:attachment":[{"href":"https:\/\/prismaservicos.net\/index.php\/wp-json\/wp\/v2\/media?parent=16"}],"curies":[{"name":"wp","href":"https:\/\/api.w.org\/{rel}","templated":true}]}}